the highest common divisor of 3476 and 15435652?
316
What is the highest common factor of 259 and 3445773?
37
What is the greatest common factor of 1116 and 1007052?
12
Calculate the greatest common divisor of 27293312 and 1232.
16
Calculate the highest common divisor of 50053995 and 1643.
1643
What is the greatest common factor of 803 and 458951?
73
What is the highest common factor of 1990 and 2490286?
398
Calculate the highest common divisor of 26563 and 34453.
263
Calculate the greatest common factor of 38408253 and 119.
17
What is the greatest common divisor of 9414 and 404571357?
4707
Calculate the greatest common divisor of 2312259 and 542593.
713
What is the highest common factor of 52884 and 27?
9
What is the greatest common divisor of 3770576 and 128?
16
What is the highest common divisor of 610 and 166159608?
122
What is the greatest common factor of 10014928 and 44?
44
Calculate the greatest common divisor of 27731438 and 406.
14
Calculate the highest common factor of 171041706 and 198.
198
Calculate the highest common divisor of 4841 and 2707247.
47
Calculate the greatest common divisor of 155460 and 23565.
15
Calculate the greatest common factor of 6579 and 9366303.
2193
What is the greatest common factor of 302254 and 1738?
158
What is the highest common factor of 27392 and 795776?
128
Calculate the highest common factor of 385671780 and 108.
108
Calculate the greatest common divisor of 5990620 and 7050.
470
Calculate the greatest common factor of 480 and 44963040.
480
Calculate the highest common factor of 12500 and 9090000.
2500
Calculate the highest common factor of 6944 and 130634.
434
Calculate the highest common factor of 2934 and 45754263.
1467
What is the greatest common divisor of 560340 and 393030?
990
What is the greatest common divisor of 6308500 and 13200?
1100
Calculate the greatest common divisor of 62 and 5768222824.
62
Calculate the greatest common divisor of 22092 and 897715784.
7364
Calculate the greatest common factor of 21575 and 15325.
25
What is the greatest common divisor of 1860935 and 53408?
1669
Calculate the greatest common divisor of 275 and 80082475.
275
Calculate the highest common divisor of 452271 and 27809151.
11031
What is the greatest common factor of 45039544 and 14740?
2948
What is the highest common divisor of 82687404 and 6?
6
What is the highest common factor of 163857 and 275925?
849
What is the highest common factor of 3114620 and 20?
20
Calculate the highest common divisor of 101 and 246403438.
101
What is the greatest common divisor of 133253900 and 10?
10
What is the highest common divisor of 19838832 and 1248?
624
What is the greatest common factor of 396589 and 7009?
43
What is the highest common factor of 1433446 and 154?
14
Calculate the highest common divisor of 170 and 2383638.
34
What is the highest common factor of 533526 and 5250?
42
What is the highest common factor of 163 and 8955383?
163
Calculate the greatest common divisor of 16 and 9749008.
16
Calculate the highest common factor of 108 and 44188344.
36
Calculate the greatest common divisor of 210353383 and 155.
31
Calculate the greatest common factor of 478529268 and 868.
868
What is the greatest common divisor of 1068774 and 95466?
42
What is the highest common divisor of 1591 and 7234621?
43
Calculate the highest common divisor of 367672411 and 1334.
667
What is the greatest common factor of 140866 and 104500?
418
What is the greatest common divisor of 384 and 76448?
32
Calculate the greatest common divisor of 1080 and 186894000.
1080
What is the highest common factor of 1748 and 7763788?
92
Calculate the greatest common divisor of 38 and 344109019.
19
Calculate the highest common divisor of 64792 and 1871727494.
16198
What is the highest common factor of 61 and 32923103?
61
What is the greatest common factor of 2860 and 149665780?
220
Calculate the highest common factor of 6612 and 1434.
6
What is the greatest common factor of 5753484 and 44?
44
What is the highest common factor of 16969631 and 7805?
1561
What is the highest common divisor of 1249396984 and 11?
11
Calculate the highest common factor of 338 and 33424898.
26
What is the highest common divisor of 28420 and 118470800?
4060
What is the greatest common factor of 279146285 and 110?
55
What is the highest common divisor of 36091710 and 430?
10
Calculate the highest common divisor of 4775 and 609800.
25
Calculate the highest common divisor of 40273 and 12926.
23
What is the highest common factor of 336099861 and 62?
31
What is the highest common divisor of 2331384 and 4488?
264
What is the greatest common factor of 6419007 and 9?
9
Calculate the greatest common factor of 393 and 1840521.
3
Calculate the greatest common factor of 473 and 487534.
43
Calculate the highest common divisor of 9353064 and 224.
56
Calculate the greatest common factor of 47 and 2200258799.
47
Calculate the highest common divisor of 54 and 255933.
27
Calculate the greatest common factor of 3405 and 2983915.
1135
Calculate the highest common divisor of 2889 and 2577844.
107
Calculate the greatest common factor of 421949 and 8.
1
What is the greatest common factor of 28705368 and 10464?
2616
Calculate the highest common factor of 78562 and 1078.
22
What is the greatest common factor of 2387020 and 13774?
142
What is the greatest common factor of 38563344 and 10251?
153
What is the highest common factor of 508592 and 420?
28
What is the highest common divisor of 112 and 2996140?
28
Calculate the greatest common factor of 3245998 and 6916.
266
What is the highest common divisor of 2849 and 7049647?
407
Calculate the highest common divisor of 26874546 and 1758.
1758
Calculate the highest common factor of 186 and 30860562.
186
Calculate the greatest common factor of 2181092 and 15236.
1172
Calculate the greatest common divisor of 67638704 and 560.
112
What is the greatest common divisor of 15210 and 132132312?
3042
Calculate the greatest common divisor of 106848871 and 199.
199
What is the highest common divisor of 12580 and 11926136?
148
What is the highest common factor of 1694846 and 6?
2
Calculate the greatest common divisor of 7832 and 408056.
88
Calculate the greatest common divisor of 684 and 37841787.
171
What is the greatest common factor of 2194 and 31287537?
1097
What is the highest common factor of 21816 and 24176?
8
Calculate the greatest common divisor of 1797159 and 261.
87
What is the greatest common factor of 147697 and 44?
11
Calculate the highest common factor of 277093190 and 1705.
1705
Calculate the highest common divisor of 6604620 and 672.
12
Calculate the highest common factor of 103062011 and 27807.
9269
Calculate the highest common divisor of 13146569 and 34951.
4993
What is the greatest common divisor of 157221 and 38173?
647
What is the greatest common divisor of 612 and 94872?
12
Calculate the highest common factor of 77705062 and 34.
34
What is the highest common divisor of 45 and 181126515?
15
Calculate the highest common divisor of 29817884 and 4.
4
What is the highest common factor of 283777 and 17621?
263
Calculate the greatest common divisor of 536 and 357729683.
67
Calculate the greatest common factor of 44 and 4175488.
4
Calculate the greatest common factor of 981756365 and 265.
265
Calculate the greatest common factor of 93 and 618791.
31
What is the greatest common divisor of 153149 and 3683?
29
What is the highest common factor of 35282212 and 261?
29
Calculate the highest common divisor of 169 and 2213146.
13
Calculate the highest common divisor of 164914 and 26.
2
Calculate the greatest common factor of 226526715 and 45.
45
What is the highest common divisor of 749784 and 18984?
168
What is the greatest common divisor of 315783 and 468?
117
What is the greatest common factor of 10214276 and 556?
556
What is the highest common divisor of 29794320 and 1440?
720
Calculate the greatest common factor of 11136 and 394284.
348
What is the greatest common divisor of 14702399 and 2?
1
Calculate the highest common divisor of 6048 and 122474808.
216
Calculate the highest common divisor of 169956910 and 10.
10
Calculate the highest common divisor of 40595 and 34730.
115
What is the highest common divisor of 7304186 and 2890?
578
Calculate the highest commo